{"id":1441,"date":"2022-03-30T08:33:21","date_gmt":"2022-03-30T08:33:21","guid":{"rendered":"https:\/\/videoartfestival.ro?page_id=1441"},"modified":"2022-04-06T12:03:12","modified_gmt":"2022-04-06T12:03:12","slug":"doneaza","status":"publish","type":"page","link":"https:\/\/videoartfestival.ro\/?page_id=1441","title":{"rendered":"Doneaz\u0103"},"content":{"rendered":"\t\t<div data-elementor-type=\"wp-page\" data-elementor-id=\"1441\" class=\"elementor elementor-1441\">\n\t\t\t\t\t\t<section class=\"elementor-section elementor-top-section elementor-element elementor-element-68iomj5 elementor-section-boxed elementor-section-height-default elementor-section-height-default\" data-id=\"68iomj5\" data-element_type=\"section\" data-settings=\"{&quot;background_background&quot;:&quot;classic&quot;}\">\n\t\t\t\t\t\t\t<div class=\"elementor-background-overlay\"><\/div>\n\t\t\t\t\t\t\t<div class=\"elementor-container elementor-column-gap-default\">\n\t\t\t\t\t<div class=\"elementor-column elementor-col-100 elementor-top-column elementor-element elementor-element-fd69444\" data-id=\"fd69444\" data-element_type=\"column\">\n\t\t\t<div class=\"elementor-widget-wrap elementor-element-populated\">\n\t\t\t\t\t\t<div class=\"elementor-element elementor-element-abcc2f2 elementor-widget elementor-widget-heading\" data-id=\"abcc2f2\" data-element_type=\"widget\" data-widget_type=\"heading.default\">\n\t\t\t\t<div class=\"elementor-widget-container\">\n\t\t\t<style>\/*! elementor - v3.20.0 - 26-03-2024 *\/\n.elementor-heading-title{padding:0;margin:0;line-height:1}.elementor-widget-heading .elementor-heading-title[class*=elementor-size-]>a{color:inherit;font-size:inherit;line-height:inherit}.elementor-widget-heading .elementor-heading-title.elementor-size-small{font-size:15px}.elementor-widget-heading .elementor-heading-title.elementor-size-medium{font-size:19px}.elementor-widget-heading .elementor-heading-title.elementor-size-large{font-size:29px}.elementor-widget-heading .elementor-heading-title.elementor-size-xl{font-size:39px}.elementor-widget-heading .elementor-heading-title.elementor-size-xxl{font-size:59px}<\/style><h1 class=\"elementor-heading-title elementor-size-default\">Doneaz\u0103 \/ Donate<\/h1>\t\t<\/div>\n\t\t\t\t<\/div>\n\t\t\t\t\t<\/div>\n\t\t<\/div>\n\t\t\t\t\t<\/div>\n\t\t<\/section>\n\t\t\t\t<section class=\"elementor-section elementor-top-section elementor-element elementor-element-df7ed58 elementor-section-boxed elementor-section-height-default elementor-section-height-default\" data-id=\"df7ed58\" data-element_type=\"section\">\n\t\t\t\t\t\t<div class=\"elementor-container elementor-column-gap-default\">\n\t\t\t\t\t<div class=\"elementor-column elementor-col-100 elementor-top-column elementor-element elementor-element-e7d1f20\" data-id=\"e7d1f20\" data-element_type=\"column\">\n\t\t\t<div class=\"elementor-widget-wrap elementor-element-populated\">\n\t\t\t\t\t\t<div class=\"elementor-element elementor-element-62b4edc elementor-widget elementor-widget-text-editor\" data-id=\"62b4edc\" data-element_type=\"widget\" data-widget_type=\"text-editor.default\">\n\t\t\t\t<div class=\"elementor-widget-container\">\n\t\t\t<style>\/*! elementor - v3.20.0 - 26-03-2024 *\/\n.elementor-widget-text-editor.elementor-drop-cap-view-stacked .elementor-drop-cap{background-color:#69727d;color:#fff}.elementor-widget-text-editor.elementor-drop-cap-view-framed .elementor-drop-cap{color:#69727d;border:3px solid;background-color:transparent}.elementor-widget-text-editor:not(.elementor-drop-cap-view-default) .elementor-drop-cap{margin-top:8px}.elementor-widget-text-editor:not(.elementor-drop-cap-view-default) .elementor-drop-cap-letter{width:1em;height:1em}.elementor-widget-text-editor .elementor-drop-cap{float:left;text-align:center;line-height:1;font-size:50px}.elementor-widget-text-editor .elementor-drop-cap-letter{display:inline-block}<\/style>\t\t\t\t<h5>&#8211; <img decoding=\"async\" class=\"emoji\" role=\"img\" draggable=\"false\" src=\"https:\/\/s.w.org\/images\/core\/emoji\/13.1.0\/svg\/1f1f7-1f1f4.svg\" alt=\"\ud83c\uddf7\ud83c\uddf4\"> Rom\u00e2n\u0103 &#8211;<\/h5>\n<h2>\u0218i tu po\u021bi contribui la dezvoltarea unei noi genera\u021bii!<\/h2>\n<div>Festivalul Video ART are la baz\u0103 misiunea de a dezvolta c\u00e2t mai mul\u021bi tineri, de a le da \u0219ansa s\u0103 \u00ee\u0219i g\u0103seasc\u0103 o nou\u0103 pasiune, care le-ar putea schimba total viitorul. \u00ce\u021bi mul\u021bumim c\u0103 dore\u0219ti s\u0103 sus\u021bii aceast\u0103 misiune!<\/div>\n<div>&nbsp;<\/div>\n<h3>Cont pentru dona\u021bii:<\/h3>\n<p class=\"p1\">Asocia\u021bia cultural-educativ\u0103 Clubul Video ART Suceava<\/p>\n<h4 class=\"p1\">RO71 RZBR 0000 0600 1831 7274<\/h4>\n<h4>Swift: RZBRROBU<\/h4>\n<p><\/p>\n<h5>&#8211; <img decoding=\"async\" class=\"emoji\" role=\"img\" draggable=\"false\" src=\"https:\/\/s.w.org\/images\/core\/emoji\/13.1.0\/svg\/1f1ec-1f1e7.svg\" alt=\"\ud83c\uddec\ud83c\udde7\"> English &#8211;<\/h5>\n<h2>You too can contribute to the development of a new generation!<\/h2>\n<div>The Video ART Festival&#8217;s goal is to aid in youth development, giving young people the opportunity to discover a new passion that could radically change their futures. Thank you for choosing to support our mission!<\/div>\n<div>&nbsp;<\/div>\n<h3 style=\"font-size: 1.41176rem; font-style: normal;\">Donations account:<\/h3>\n<div>\n<p class=\"p1\" style=\"font-size: 17px; font-style: normal; font-weight: 400;\">Asocia\u021bia cultural-educativ\u0103 Clubul Video ART Suceava<\/p>\n<\/div>\n<div>\n<h4 class=\"p1\" style=\"font-size: 1.17647rem; font-style: normal;\">RO71 RZBR 0000 0600 1831 7274<\/h4>\n<h4 style=\"font-size: 1.17647rem; font-style: normal;\">Swift: RZBRROBU<\/h4>\n<\/div>\n<div><br><\/div>\t\t\t\t\t\t<\/div>\n\t\t\t\t<\/div>\n\t\t\t\t\t<\/div>\n\t\t<\/div>\n\t\t\t\t\t<\/div>\n\t\t<\/section>\n\t\t\t\t<\/div>\n\t\t","protected":false},"excerpt":{"rendered":"<p>Doneaz\u0103 \/ Donate &#8211; Rom\u00e2n\u0103 &#8211; \u0218i tu po\u021bi contribui la dezvoltarea unei noi genera\u021bii! Festivalul Video ART are la baz\u0103 misiunea de a dezvolta c\u00e2t mai mul\u021bi tineri, de a le da \u0219ansa s\u0103 \u00ee\u0219i g\u0103seasc\u0103 o nou\u0103 pasiune, care le-ar putea schimba total viitorul. \u00ce\u021bi mul\u021bumim c\u0103 dore\u0219ti s\u0103 sus\u021bii aceast\u0103 misiune! &nbsp; &hellip;<\/p>\n<p class=\"read-more\"> <a class=\"\" href=\"https:\/\/videoartfestival.ro\/?page_id=1441\"> <span class=\"screen-reader-text\">Doneaz\u0103<\/span> Read More &raquo;<\/a><\/p>\n","protected":false},"author":1,"featured_media":0,"parent":0,"menu_order":0,"comment_status":"closed","ping_status":"closed","template":"","meta":{"site-sidebar-layout":"no-sidebar","site-content-layout":"page-builder","ast-global-header-display":"","ast-main-header-display":"","ast-hfb-above-header-display":"","ast-hfb-below-header-display":"","ast-hfb-mobile-header-display":"","site-post-title":"disabled","ast-breadcrumbs-content":"","ast-featured-img":"disabled","footer-sml-layout":"","theme-transparent-header-meta":"","adv-header-id-meta":"","stick-header-meta":"","header-above-stick-meta":"","header-main-stick-meta":"","header-below-stick-meta":"","footnotes":""},"class_list":["post-1441","page","type-page","status-publish","hentry"],"_links":{"self":[{"href":"https:\/\/videoartfestival.ro\/index.php?rest_route=\/wp\/v2\/pages\/1441","targetHints":{"allow":["GET"]}}],"collection":[{"href":"https:\/\/videoartfestival.ro\/index.php?rest_route=\/wp\/v2\/pages"}],"about":[{"href":"https:\/\/videoartfestival.ro\/index.php?rest_route=\/wp\/v2\/types\/page"}],"author":[{"embeddable":true,"href":"https:\/\/videoartfestival.ro\/index.php?rest_route=\/wp\/v2\/users\/1"}],"replies":[{"embeddable":true,"href":"https:\/\/videoartfestival.ro\/index.php?rest_route=%2Fwp%2Fv2%2Fcomments&post=1441"}],"version-history":[{"count":37,"href":"https:\/\/videoartfestival.ro\/index.php?rest_route=\/wp\/v2\/pages\/1441\/revisions"}],"predecessor-version":[{"id":2242,"href":"https:\/\/videoartfestival.ro\/index.php?rest_route=\/wp\/v2\/pages\/1441\/revisions\/2242"}],"wp:attachment":[{"href":"https:\/\/videoartfestival.ro\/index.php?rest_route=%2Fwp%2Fv2%2Fmedia&parent=1441"}],"curies":[{"name":"wp","href":"https:\/\/api.w.org\/{rel}","templated":true}]}}